
2
Let h(s) = 2*s**2 + s + 1. Let g(t) = -3*t**2 - 5*t + 2. Let d(o) = g(o) + 3*h(o). Let b be (-8)/3*12/(-8). What is the units digit of d(b)?
5
Let m(k) = k - 8. Let r be m(-6). Let s = -10 - r. What is the units digit of s/2 + 7*1?
9
Suppose -31816 = 101*u - 109*u. What is the tens digit of u?
7
Let h(i) = 31*i - 1. Suppose 0*l + 2*l + 3*j = 15, -3*j = l - 12. Let s be h(l). Suppose y - s = -3*y. What is the units digit of y?
3
Suppose -5*v + 422 + 2147 = d, -4*v + 2036 = -4*d. What is the units digit of v?
3
Suppose 66 = 4*k - 86. Let p = k - 2. What is the tens digit of p?
3
Suppose 20214 = 5*o - v + 1613, 5*v = -5*o + 18625. What is the units digit of o?
1
Let t(p) = 2*p**2 + 8*p + 73. What is the tens digit of t(12)?
5
Suppose -4*f - 1356 = -q, -f - 409 = 4*q - 5748. What is the units digit of q?
6
Let m(p) = -95*p + 83. What is the hundreds digit of m(-6)?
6
What is the tens digit of (-18 - 3)*(-737)/33?
6
Let r be (1/((-1)/10))/(-2). Suppose p - 59 = -q + 6, 0 = -2*p - r*q + 115. What is the tens digit of p?
7
Let l = 1202 - 781. What is the hundreds digit of l?
4
Suppose -2*s = 3 - 1. Suppose 0 = 2*u + 77 + 75. What is the units digit of 2 - s - (1 + u)?
8
Let t = 3251 + -2074. What is the units digit of t?
7
Suppose -63*d + 5 = -62*d. Suppose -4*l + 2745 = d*l. What is the tens digit of l?
0
Let o = -113 - -202. Let l = -15 + o. What is the units digit of l?
4
Let w be (-84)/(-22) + 2/11. Suppose 4*r - w*v = 948, -4*r - 2*v + 955 = v. What is the units digit of r/6 + (-56)/(-42)?
1
Suppose 4*r = v - 1168, 21*r - 5863 = -5*v + 18*r. What is the units digit of v?
2
Let k(b) = -6*b + 11. Let y be k(1). Suppose 755 = y*c - 5*m, -4*m - 306 = c - 3*c. What is the tens digit of c?
4
Suppose -7*z - 3952 = -26*z. What is the hundreds digit of z?
2
Let s be -4*1/(-2)*3. Suppose s*m - 250 - 662 = 0. What is the tens digit of m?
5
Suppose 0 = -3*v + 2*v - 1. Let r be -2 - 1 - 9*v. Suppose 0 = 2*z - 2*s - r, -2*z = 3*s - 13 + 2. What is the units digit of z?
4
Let s = 1725 + 140. What is the units digit of s?
5
Suppose 4*o - 11 - 17 = 0. What is the units digit of o/((-14)/(-8)) + 44?
8
Let y(p) = 35*p**2 + 7*p + 3. What is the tens digit of y(4)?
9
Let o = 14 + -10. Suppose 0*n - 72 = -o*n. What is the units digit of n?
8
Let f = 43 + 39. Suppose -c - 3*c + f = -5*b, -4*c + 102 = 5*b. What is the tens digit of c?
2
Let k(x) = -22*x - 1. Let y be k(1). Suppose 4*i + 26 + 130 = 0. Let g = y - i. What is the tens digit of g?
1
Suppose 2*v - 2 = 2*a - 0, -3*a - v = -1. Suppose -16 = -4*f - a*f. Suppose 36 = f*b + 3*t + t, b = -3*t + 5. What is the tens digit of b?
1
Suppose -32*k = -42554 - 30534. What is the hundreds digit of k?
2
Let f(o) = -o**3 + 25*o**2 - 23*o - 1. What is the units digit of f(24)?
3
Let a be -4 + 6 - -1 - 22. Let b(n) be the first derivative of -n**4/4 - 6*n**3 + 15*n**2/2 - 13*n - 3. What is the units digit of b(a)?
3
Let i(p) = -p**2 - 16*p - 24. Let h be i(-14). What is the hundreds digit of 2*((-5856)/(-84) - h/(-14))?
1
Let h = 160 - 165. Let d(j) = -j**2 + 9*j - 4. Let t(k) = 4*k**2 - 26*k + 11. Let f(q) = -7*d(q) - 2*t(q). What is the tens digit of f(h)?
3
What is the tens digit of (-4)/(-16)*-2*-1674?
3
Let f = 18 - 12. Suppose -121 - 269 = -f*k. What is the units digit of k?
5
Let d be 9/3 + (-3)/1. Let q(r) = 3*r + 9 - 2*r + d*r + 13. What is the tens digit of q(-5)?
1
Let y(n) = n**3 - 9*n**2 + 6*n + 2. Let b be y(8). Suppose 4*z - 6 = 18. What is the tens digit of (z/4)/((-1)/b)?
2
Suppose 0*j - 5*n = 2*j - 26, j - 2*n = 13. Let x be (-4)/2*j/(-26). Let u(k) = 16*k - 1. What is the units digit of u(x)?
5
Let p(v) = v**3 - 5*v**2 - 13*v - 4. Let s be p(7). Let z = 2 - 1. What is the units digit of (z + -9)/(s/(-12))?
2
Suppose 11*h = 4*h + 12159. What is the hundreds digit of h?
7
Let b be (-30)/6*(-2 - 8/(-10)). Let v(f) = -f**3 + 9*f**2 + 6*f + 4. What is the units digit of v(b)?
8
Let d = 40 + -36. Suppose -d*z - 40 = -388. What is the tens digit of z?
8
Let o = -24 + 27. Suppose 3*t - 5*x = 5, 0*x = o*t + 3*x - 21. Suppose 25 + 100 = t*h. What is the tens digit of h?
2
Let m(a) = 2*a + 3. Let l(u) = -u + 6. Let z(i) = -i**2 - 7*i - 7. Let r be z(-5). Let c be l(r). What is the units digit of m(c)?
9
Let g = -7 + 8. Suppose g = -5*b + 16. Suppose 5*r + 4*y = 180, 0 = 5*r - y + b*y - 170. What is the units digit of r?
2
Suppose 2 = -2*i + 4, 5*z + 2*i = 242. Suppose 0 = -2*v + 2, 2*v + z = 8*w - 3*w. What is the tens digit of w?
1
Suppose -5*p + 32 = -128. Let b(g) = -30*g + 95. Let h be b(3). What is the units digit of (p + 2)*(h - 4)?
4
Let g(i) = -6*i - 54. Let t be g(-22). Let v = t - -70. What is the hundreds digit of v?
1
Let g = 193 + -169. What is the tens digit of g?
2
Let i(w) = w - 6. Let d be i(4). Let y be (-6)/(-8)*-2*d. Suppose -n - 53 = -y*m + 3*n, 3*n = -6. What is the tens digit of m?
1
Suppose c + 2*c = -5*m - 9, -3*c = 4*m + 9. Suppose t = -t - 4*f + 24, 4*t - 5*f + 17 = m. Suppose -4*w + t*w + 22 = 0. What is the tens digit of w?
1
Let l(c) = 3*c**2 - 7*c - 24. What is the units digit of l(7)?
4
Suppose 9*k - 1904 = -7*k. What is the tens digit of k?
1
Let o = 18 + -19. Let a be 3 - ((-1)/o - 0). Suppose -p - a*u + 4*u = -9, p + 5*u = 9. What is the units digit of p?
9
Let u(z) = -194*z - 113. What is the hundreds digit of u(-8)?
4
Let y = 1597 + -737. What is the tens digit of y?
6
Let n be 2/7 + (-15)/(-21). What is the units digit of n*-36*(-2 - -1)?
6
Let q(d) = -d**3 - 3*d**2 + 12*d - 2. Let a be q(-5). What is the tens digit of ((-9)/(-6))/(9/a) + 39?
3
Let o(v) = -v**2 - v. Suppose -8*p - l - 26 = -3*p, 4*p + 18 = 2*l. Let w(s) = 4*s**2 + 4*s - 8. Let b(h) = p*o(h) - w(h). What is the units digit of b(-6)?
8
Let k(z) = 2*z**3 + 2*z**2 - 1. Let n be k(-2). Suppose 4*w + 1310 = -1442. What is the units digit of 3/n - w/12?
7
Let k be 36 - (3/(-3) + 1). Let c be (-22)/(-8) - (-9)/k. Let d = c + 16. What is the tens digit of d?
1
What is the tens digit of 6/(-33) - (2 + (-128124)/99)?
9
Let w be 0/(0 + 1 + 0). Suppose w = -p - 0*p + 32. What is the units digit of p?
2
Suppose -24 = -3*o - 0*o. Let u = o + -6. What is the units digit of 57/(3/u*1)?
8
Let i = -13 + 8. Let s = i - -51. Suppose -3*q = -q - s. What is the tens digit of q?
2
What is the units digit of (-6 + -1)*((-8496)/84 - 0)?
8
Let a(l) = 15*l**2 - 396*l - 61. What is the hundreds digit of a(32)?
6
What is the tens digit of 4/(-14) + 43554/147?
9
Let c(u) = -96*u. Let z(q) = 97*q. Let b(a) = -4*c(a) - 3*z(a). What is the tens digit of b(1)?
9
What is the tens digit of 3014/10 - 58/145?
0
Let v = 35 - 23. Let x = -9 + v. Suppose y + 37 = 5*r + 5, -x*y - 6 = 0. What is the units digit of r?
6
What is the tens digit of (-37420)/(-15) - (6 + (-114)/18)?
9
Let c = -465 - -855. What is the hundreds digit of c?
3
Suppose -2*o + 178 = 3*p, -14*o + 16*o + 5*p - 182 = 0. What is the tens digit of o?
8
What is the hundreds digit of (1 - (-21246)/15) + 6/10?
4
Suppose -42 + 17 = -5*m. Suppose -4*s + 4*n - n = -83, -3*s = m*n - 26. What is the tens digit of s?
1
Suppose j + 3*v - 656 = 0, -2*v - 1098 + 3087 = 3*j. What is the hundreds digit of j?
6
Let g(q) = -15*q + 1 - 2*q - 3*q. Let s be -7 - 10/(-4)*2. What is the tens digit of g(s)?
4
Suppose -4412 = -o + 429. What is the thousands digit of o?
4
Let y be 2*(1 - 0)*1. Suppose -4*a = f - 140, -y*f - 7*a + 265 = -4*a. What is the units digit of f?
8
Suppose -6459*z + 6451*z + 51848 = 0. What is the thousands digit of z?
6
Let z = 13 - 13. Let r be 0 + 73 - (-3 - z). Suppose -4*f + 3*q = -r, -q = 4*f + 10 - 70. What is the units digit of f?
6
What is the units digit of (-4 - 274)/1*(-3)/2?
7
Let x be (-40)/32*2*2. Let n = 12 + x. What is the units digit of n?
7
Suppose 60 = 5*y - 1435. What is the units digit of y?
9
What is the tens digit of 440/528 - 9074/(-12)?
5
Let j(a) = a**2 + 3*a. Let t be j(-3). Suppose -n - 5*n + 498 = t. What is the units digit of n?
3
Let k be -4 - (-2 + -15 + 2). Let d(i) = -i**3 + 11*i**2 + i + 3. What is the units digit of d(k)?
4
Let i(p) be the second derivative of p**5/20 - 5*p**4/12 + p**3 - 5*p**2/2 - 7*p. Let o be i(4). Suppose o*d - 47 = 1. What is the units digit of d?
6
Let c be 36*1/(8/58). Suppose -2*x + 5*l + 0*l = -123, c = 4*x + 5*l. Wha